10*q. Let c be 4/(-2) + (3 - -2). What is the tens digit of h(c)?
2
Let v(z) = z**3 + 39*z**2 - 40*z + 33. What is the hundreds digit of v(-39)?
5
Suppose 13 = 2*c + 3. Let b(u) = 14*u + 10. Let h be b(c). Suppose -8*n + h = -3*n. What is the tens digit of n?
1
Let c(v) = -v**2 + 7*v + 6. Let p be c(6). Suppose -2*i - i + p = 0. What is the tens digit of (7 - -2)*i/2?
1
Let u be 3*(6 + 39/(-9)). Let p = 5 - 7. What is the units digit of 1 + u + p - -3?
7
Let g(j) = 295*j**2 + 6*j - 16. What is the hundreds digit of g(2)?
1
Let s be 136/6*(-3)/2. Suppose -5*b = -0*b + 3*h - 320, 0 = h - 5. Let n = s + b. What is the units digit of n?
7
Suppose -13*q = -66 + 14. Suppose b + q*b = -5*m + 170, 4*m = 12. What is the units digit of b?
1
Let z(o) = 9*o**2 - 66*o + 4. What is the thousands digit of z(-8)?
1
What is the tens digit of 3974/18 + (-12)/(-54)?
2
Let a = 163 - -2552. Suppose -3*l + 8*l = a. What is the units digit of l/9 - 2/6?
0
Let j(f) = -6*f + 7. Suppose 0 = 5*u - 5*h, -5*u + 10 = -0*h + 5*h. What is the units digit of j(u)?
1
Let i(f) = f**2 + 5 + 6*f**2 - 3 - 4*f - 6. Let v be i(-2). What is the units digit of 17/4 - 8/v?
4
Let j(p) = -p + 1. Let d be j(-2). Let a(q) = 4*q**3 - q**2 + 5*q - 5. What is the tens digit of a(d)?
0
Let r(d) = 2*d**3 - 32*d**2 + 15*d - 38. What is the tens digit of r(21)?
8
Let x(q) = -q**3 + 11*q**2 + 3*q + 1. Let f be x(12). Let u = -69 - f. What is the units digit of u?
8
Suppose -4*j = -0 - 8. Suppose 0 = -r + 5*i + 2, -3*r + 40 = 2*r + 5*i. Let n = r + j. What is the units digit of n?
9
Let z = -775 - -1290. What is the tens digit of z?
1
Let y(z) = -z**2 - 2. Let w be y(0). Let x(u) = -2*u**3 + u**2 - 2*u + 2. What is the tens digit of x(w)?
2
Suppose 3*w = 4*w + 2*y + 7, -2*w + 3*y = 21. Let a = w + 11. Suppose 3*l + u + a*u - 33 = 0, 2*u - 2 = 0. What is the tens digit of l?
1
Suppose -3*i + 4*i + 18 = -n, n = -5*i - 110. Let d = 64 + i. Suppose 23 = 4*k - d. What is the units digit of k?
6
Suppose -9*t = -2*q - 10*t + 774, -2*q = -5*t - 798. What is the units digit of q?
9
Let q be 432/3 - (0 - (0 - 3)). Suppose 3*r - q = -3*p, -4*r - 13 + 109 = 2*p. What is the tens digit of p?
4
Let i(z) = 2*z**2 + 0*z**2 + 15*z - 8*z + 2 - 3*z. Let j be i(-2). Suppose g = j*g - 25. What is the tens digit of g?
2
Suppose -1535 = -5*j - 5*w, 73*w + 1210 = 4*j + 71*w. What is the tens digit of j?
0
Let r(x) = 104*x - 2. Let c(i) = i**3 + 11*i**2 + 2*i + 23. Let w be c(-11). What is the units digit of r(w)?
2
Suppose -3*p = a - 17433, -p = -2*a - 1573 - 4245. What is the thousands digit of p?
5
What is the units digit of (34656/36)/((-4)/(-6))?
4
Suppose 2*w - 1806 = -5*k + w, 3*k - 1080 = 3*w. Suppose y - 121 + 4 = -3*c, 3*y = -4*c + k. What is the units digit of y?
3
Suppose 14*m - 5040 = 2*m. Suppose -12*f + 0*f + m = 0. What is the tens digit of f?
3
Let a = 542 - 541. Let q = 18 - 27. What is the tens digit of (39/q)/(a/(-3))?
1
Suppose 14*j = 16*j + 2340. Let p be j/(-10) + -1*2. Let q = p + -71. What is the tens digit of q?
4
Let t(r) = 7*r + 2. Let m be t(-2). Let c be m/90 - (-2884)/30. Suppose -5*q + c = -2*f, 3*q + f - 102 = -2*q. What is the units digit of q?
0
Let u(t) = t**3 + 32*t**2 + 11*t - 28. What is the units digit of u(-31)?
2
Suppose -3*v + 297 = z, 0*z + v + 297 = z. Suppose 27 - z = -5*m. What is the units digit of m?
4
Suppose -2*z + 3774 = -4*c, -4*z + 6393 = -3*c - 1160. What is the tens digit of z?
8
Let i = 1741 - 803. What is the units digit of i?
8
Let u = 394 - -29. What is the units digit of u?
3
Suppose -4*u = 10*c - 5*c - 766, -774 = -4*u - c. What is the hundreds digit of u?
1
Suppose -5*b = 2*c - 4, 4*b = b. Suppose -c*u + 35 = 5*p, 0*u = u - p. What is the units digit of u?
5
Let n(y) = -y**2 + 25*y + 4. Let g be n(25). Suppose -652 = -4*b + g*d, -2*d + 13 = 3. What is the hundreds digit of b?
1
Suppose 0 = -4*k - 4*m + 2*m - 52, -2*k - 5*m = 26. Let w(h) = 12*h**2 + h**3 + 8 + 3*h**3 - 19*h + 5*h - 3*h**3. What is the tens digit of w(k)?
2
What is the units digit of 176/132*(-1 + 1609)?
4
Let x(h) = -h**3 - 2*h**2 + 2*h - 3. Let n(w) = -w**3 + 7*w**2 - 5*w + 5. Let p be n(6). Suppose 5 + p = -4*y, -3*a = 4*y + 28. What is the tens digit of x(a)?
2
Let r(z) = -z**3 + 10*z**2 - 11*z - 2. Let y be r(8). Let b be 0 + (-4)/((-8)/34). Let w = y - b. What is the units digit of w?
1
Suppose 0 = -h + 8*g - 4*g + 161, -4*h + 5*g = -633. What is the tens digit of h?
5
Let f(c) = -c**2 - 14*c - 9. Let l(i) = -i + 1. Let y(v) = v + 8. Let n be y(-4). Let z(k) = n*l(k) - f(k). What is the tens digit of z(-10)?
1
Suppose 4*c + 4*q = 2140, -5*q - 3 = -28. What is the hundreds digit of c?
5
What is the hundreds digit of 258/215*10*3066/9?
0
Suppose 4*z - 3813 = u - 1025, 5*z - 2*u = 3488. What is the tens digit of z?
9
Suppose 6*f - 3*y - 3429 = 5*f, -5*f + 4*y + 17145 = 0. What is the units digit of f?
9
Suppose -2*k = v - 2*v + 3, 3*k = -2*v + 6. Suppose 8*r = -k*r + 656. What is the tens digit of r?
8
What is the tens digit of 5/((-374)/1212 + 32/96)?
0
Let i be ((-9)/3)/((-3)/10). Let r be (i/30)/(1/6). Suppose r*w = x + 3*x - 240, -2*x + 116 = w. What is the units digit of x?
9
What is the hundreds digit of (-338076)/(-276) + 8/92?
2
Let o be (2 + 2/(-6))/((-17)/51). Let i(s) be the first derivative of s**3/3 - 5*s**2/2 - 12*s + 1. What is the tens digit of i(o)?
3
Let x = 44 - 6. Suppose 2*m - 124 = x. What is the units digit of m?
1
Let a = 36 - 27. Suppose -3 + a = 2*m. Suppose 32 + 76 = m*k. What is the units digit of k?
6
Let y = 5708 + -3251. What is the thousands digit of y?
2
Suppose 9*j - 10*j + 2 = 0. Let m be (-1)/((-156)/76 + j). Suppose -5*o + m = c, 0 = 3*o - o + 2. What is the units digit of c?
4
What is the thousands digit of (-2423772)/(-1638) - ((-2)/(-7))/(-1)?
1
Let a = -30 - -109. What is the units digit of a?
9
Let o(r) = 196*r**2 - 6*r + 1. What is the units digit of o(-4)?
1
Let n = 2035 - 1316. What is the units digit of n?
9
Suppose 3215 = 59*l - 54*l. What is the hundreds digit of l?
6
Suppose -284*v - 4760 = -291*v. What is the units digit of v?
0
Let n = -16 + 12. Let u(i) be the second derivative of -5*i**3/6 - 2*i**2 + 7*i. What is the tens digit of u(n)?
1
Let y = 7 + -6. Suppose 15 - y = -2*b. Let r(d) = -d**2 - 11*d - 9. What is the units digit of r(b)?
9
Let z(l) = 15*l**2 - 9 + 15*l**2 + 17*l**2 + 22*l - 48*l**2. What is the tens digit of z(21)?
1
What is the hundreds digit of 16426/12*3 + (-2)/(-4)?
1
Suppose -10*b = -5*b - 140. Suppose -5*j + b = -732. What is the hundreds digit of j?
1
Let k = -221 + 123. Let d = k - -131. What is the units digit of d?
3
Let g = 343 + 177. What is the tens digit of g?
2
Suppose -5*m = -2*m + 99. Let g = m + 8. Let o = -9 - g. What is the tens digit of o?
1
Let g(j) = j + 4. Let r be g(-4). Suppose r = -3*u + 11 + 37. Suppose i + u = 3*i. What is the units digit of i?
8
Let p = 7 + -12. Let k(i) = i**3 + 8*i**2 + 6*i + 3. What is the tens digit of k(p)?
4
Suppose 2*x = 6, -2*p - 3*x + 195 = -0*x. What is the tens digit of p?
9
Suppose -4*j = 1 + 3. Let s be (10 + 0)*(-1)/j. Let h = s + -5. What is the units digit of h?
5
Suppose 0 = 2*y + 3*w - 1, 0 = -y - 4*y - w + 9. Let k(r) = r**3 + 9*r**2 + 7*r + 24. Let m be k(-8). Let g = y + m. What is the tens digit of g?
3
Suppose 4*h = 2*m - 7 + 3, h + 19 = 5*m. Suppose c - 2*j = 209 - 63, -m*j - 432 = -3*c. Suppose 5*l - 35 = c. What is the units digit of l?
5
What is the hundreds digit of 5/((-2)/4 + (-320)/(-632))?
7
Let b(z) = -z + 1. Let w be b(10). Let q be 2/w + 208/(-36). What is the tens digit of (q - 0)*(-30)/4?
4
Let a be 18/12*(4 - 0). Suppose a = -3*r - 21. What is the units digit of (-6)/r - 440/(-15)?
0
Suppose 5*j - 45 = 65. Let i = j - 18. Suppose -2 - 10 = -i*a. What is the units digit of a?
3
Let l(g) = -g + 3. Let n be l(0). Let u(d) = d**3 + d**2 - 3*d - 2. Let b be u(-2). Suppose -n*a = -t - 38, -a - 14 = -b*a + 5*t. What is the tens digit of a?
1
Let z(b) = 63*b - 62*b - 4 - 5*b**2 - b**3 + 0*b**2. What is the units digit of z(-7)?
7
Let o(w) = -w - 11. Let y be o(-5). Let b(s) = 2*s + 12. Let j be b(y). Suppose 4*u + 5*x - 40 = -u, j = 5*u - 3*x. What is the units digit of u?
3
What is the units digit of (6 - 25)/(3/(-75))?
5
Suppose 4*m + 2 = 18